{"id":437,"date":"2020-07-03T10:29:12","date_gmt":"2020-07-02T22:29:12","guid":{"rendered":"http:\/\/culture.malo.wf\/?page_id=437"},"modified":"2020-07-21T10:42:57","modified_gmt":"2020-07-20T22:42:57","slug":"presentation-du-service-2","status":"publish","type":"page","link":"https:\/\/culture.malo.wf\/?page_id=437","title":{"rendered":"Pr\u00e9sentation du Service"},"content":{"rendered":"\n<p style=\"color:#01090d\" class=\"has-text-color\">En 1979, na\u00eet une association socio-culturelle Loi 1901 pour \u0153uvrer en faveur de la promotion de la Culture \u00e0 Wallis et Futuna. En 1982, par arr\u00eat\u00e9 n\u00b031 du 16 mars 1982, le service territorial des Affaires culturelles est effectivement cr\u00e9\u00e9 et ses missions principales sont les relations entre la chefferie et l&rsquo;administration ainsi que la promotion des cultures wallisienne et futunienne.<\/p>\n\n\n\n<p style=\"color:#010c10\" class=\"has-text-color\">Cependant, au cours des ann\u00e9e, le service \u00e9volue entre l\u2019association socio-culturelle et son r\u00f4le de service administratif. Beaucoup d\u2019actions ont \u00e9t\u00e9 conduites particuli\u00e8rement la restauration des sites historiques et culturels notamment le site du premier peuplement de \u00ab&nbsp;Utuleve&nbsp;\u00bb et le fort tongien de Kolonui et sp\u00e9cialement la r\u00e9sidence du chef sise \u00e0 Talietumu et le site d\u2019Asipani \u00e0 Futuna.<\/p>\n\n\n\n<div class=\"wp-block-image\"><figure class=\"alignright is-resized\"><img loading=\"lazy\" decoding=\"async\" src=\"https:\/\/culture.malo.wf\/wp-content\/uploads\/2020\/07\/Antenne-de-Futuna-Petit.jpg\" alt=\"\" class=\"wp-image-367\" width=\"533\" height=\"305\" srcset=\"https:\/\/culture.malo.wf\/wp-content\/uploads\/2020\/07\/Antenne-de-Futuna-Petit.jpg 839w, https:\/\/culture.malo.wf\/wp-content\/uploads\/2020\/07\/Antenne-de-Futuna-Petit-300x172.jpg 300w, https:\/\/culture.malo.wf\/wp-content\/uploads\/2020\/07\/Antenne-de-Futuna-Petit-768x439.jpg 768w\" sizes=\"auto, (max-width: 533px) 100vw, 533px\" \/><figcaption>Antenne du Service territorial des Affaires culturelles \u00e0 Futuna \u2013 Juin 2020<\/figcaption><\/figure><\/div>\n\n\n\n<p style=\"color:#021219\" class=\"has-text-color\">Cr\u00e9\u00e9e en 1991, l\u2019antenne du STAC \u00e0 Futuna a pour missions principales: sauvegarder, pr\u00e9server et transmettre la Culture futunienne. En partenariat avec l\u2019association socio-culturelle des chefferies de l\u2019\u00eele, avec la collaboration des diverses associations culturelles (jeunesse, groupements d\u2019int\u00e9r\u00eats \u00e9conomiques (GIE) et les \u00e9coles, l\u2019antenne du STAC coordonne toute l\u2019activit\u00e9 culturelle.<\/p>\n\n\n\n<p><strong><u><span style=\"color:#020e13\" class=\"has-inline-color\">Les objectifs du service sont d\u00e9finis depuis 2006:<\/span><\/u><\/strong><\/p>\n\n\n\n<ol class=\"wp-block-list\"><li><strong><span style=\"color:#010b0f\" class=\"has-inline-color\">La conservation du patrimoine historique et culturel<\/span><\/strong><\/li><\/ol>\n\n\n\n<ul class=\"wp-block-list\"><li><span style=\"color:#010d12\" class=\"has-inline-color\">Des enqu\u00eates&nbsp; sur le savoir-faire traditionnel sont effectu\u00e9es aupr\u00e8s de la population.<\/span><\/li><li><span style=\"color:#010d12\" class=\"has-inline-color\">Le service s\u2019attache \u00e0 l\u2019entretien des sites historiques majeurs tant \u00e0 Wallis qu\u2019\u00e0 Futuna et en assure les visites guid\u00e9es lorsqu\u2019il est sollicit\u00e9.<\/span><\/li><li><span style=\"color:#010d12\" class=\"has-inline-color\">La recherche g\u00e9n\u00e9alogique est assur\u00e9e au sein du servic<\/span>e.<\/li><\/ul>\n\n\n\n<p>&nbsp;&nbsp;&nbsp;&nbsp; <span style=\"color:#01090c\" class=\"has-inline-color\">2. <strong>L\u2019animation culturelle<\/strong><\/span><\/p>\n\n\n\n<ul class=\"wp-block-list\"><li><span style=\"color:#010b10\" class=\"has-inline-color\">Une action de partenariat s\u2019est cr\u00e9\u00e9e entre le service et les associations socioculturelles, l\u2019Enseignement et les villages \u00e0 travers diverses manifestations telles que la f\u00eate de la musique, les journ\u00e9es du Patrimoine, les sorties p\u00e9dagogiques des \u00e9l\u00e8ves sur le th\u00e8me de la Culture\u2026<\/span><\/li><\/ul>\n\n\n\n<p><strong><u><span style=\"color:#010b10\" class=\"has-inline-color\">Projets<\/span><\/u><\/strong><\/p>\n\n\n\n<ul class=\"wp-block-list\"><li><span style=\"color:#010e14\" class=\"has-inline-color\">Adoption de la strat\u00e9gie Culture et Patrimoine 2020-2030 par l\u2019Assembl\u00e9e territoriale;<\/span><\/li><li><span style=\"color:#010e14\" class=\"has-inline-color\">Accord cadre culturel dans l\u2019accord particulier avec la Nouvelle-Cal\u00e9donie (en suspens);<\/span><\/li><li><span style=\"color:#010e14\" class=\"has-inline-color\">Mise en place d\u2019un mus\u00e9e virtuel dans le cadre de la strat\u00e9gie num\u00e9rique;<\/span><\/li><li><span style=\"color:#010e14\" class=\"has-inline-color\">Mise en place d\u2019un itin\u00e9raire culturel \u00e0 Wallis comme \u00e0 Futuna.<\/span><\/li><\/ul>\n\n\n\n<p><strong><span style=\"color:#010c11\" class=\"has-inline-color\">Le service des affaires culturelles renforce son action pour des raisons de capacit\u00e9s et d\u2019effectifs.<\/span><\/strong><\/p>\n","protected":false},"excerpt":{"rendered":"<p>En 1979, na\u00eet une association socio-culturelle Loi 1901 pour \u0153uvrer en faveur de la promotion de la Culture \u00e0 Wallis et Futuna. En 1982, par arr\u00eat\u00e9 n\u00b031 du 16 mars 1982, le service territorial&#46;&#46;&#46;<\/p>\n","protected":false},"author":1,"featured_media":0,"parent":20,"menu_order":0,"comment_status":"closed","ping_status":"closed","template":"","meta":{"footnotes":""},"class_list":["post-437","page","type-page","status-publish","hentry"],"_links":{"self":[{"href":"https:\/\/culture.malo.wf\/index.php?rest_route=\/wp\/v2\/pages\/437","targetHints":{"allow":["GET"]}}],"collection":[{"href":"https:\/\/culture.malo.wf\/index.php?rest_route=\/wp\/v2\/pages"}],"about":[{"href":"https:\/\/culture.malo.wf\/index.php?rest_route=\/wp\/v2\/types\/page"}],"author":[{"embeddable":true,"href":"https:\/\/culture.malo.wf\/index.php?rest_route=\/wp\/v2\/users\/1"}],"replies":[{"embeddable":true,"href":"https:\/\/culture.malo.wf\/index.php?rest_route=%2Fwp%2Fv2%2Fcomments&post=437"}],"version-history":[{"count":9,"href":"https:\/\/culture.malo.wf\/index.php?rest_route=\/wp\/v2\/pages\/437\/revisions"}],"predecessor-version":[{"id":549,"href":"https:\/\/culture.malo.wf\/index.php?rest_route=\/wp\/v2\/pages\/437\/revisions\/549"}],"up":[{"embeddable":true,"href":"https:\/\/culture.malo.wf\/index.php?rest_route=\/wp\/v2\/pages\/20"}],"wp:attachment":[{"href":"https:\/\/culture.malo.wf\/index.php?rest_route=%2Fwp%2Fv2%2Fmedia&parent=437"}],"curies":[{"name":"wp","href":"https:\/\/api.w.org\/{rel}","templated":true}]}}